ighest common divisor of 2304 and 72?
72
What is the highest common factor of 909 and 202?
101
Calculate the greatest common divisor of 91 and 2.
1
What is the greatest common factor of 18 and 96?
6
What is the highest common factor of 3874 and 65?
13
Calculate the highest common factor of 30 and 885.
15
Calculate the highest common divisor of 126 and 18.
18
What is the greatest common divisor of 1113 and 21?
21
Calculate the greatest common divisor of 72 and 972.
36
Calculate the greatest common divisor of 1 and 692.
1
What is the greatest common factor of 20 and 10820?
20
What is the greatest common divisor of 78 and 195?
39
What is the greatest common factor of 19 and 3?
1
What is the greatest common factor of 1602 and 12?
6
What is the greatest common divisor of 1595 and 55?
55
What is the highest common factor of 4 and 78?
2
What is the greatest common divisor of 46 and 207?
23
Calculate the greatest common factor of 23 and 7751.
23
What is the highest common factor of 28 and 1316?
28
Calculate the greatest common factor of 12 and 52.
4
What is the greatest common factor of 13 and 4693?
13
What is the greatest common divisor of 378 and 1188?
54
What is the highest common factor of 45600 and 152?
152
What is the greatest common factor of 10 and 190?
10
What is the greatest common divisor of 33 and 57?
3
What is the greatest common factor of 1378 and 26?
26
What is the highest common divisor of 195 and 39?
39
Calculate the highest common factor of 891 and 231.
33
Calculate the greatest common factor of 90 and 370.
10
Calculate the greatest common factor of 52 and 39.
13
Calculate the highest common factor of 123 and 1107.
123
What is the greatest common divisor of 100 and 20?
20
What is the greatest common divisor of 48 and 912?
48
What is the highest common factor of 54 and 138?
6
What is the greatest common factor of 304 and 14?
2
Calculate the greatest common factor of 7 and 1043.
7
What is the greatest common factor of 92 and 26036?
92
Calculate the highest common divisor of 83 and 10541.
83
Calculate the greatest common factor of 27568 and 16.
16
What is the greatest common factor of 6096 and 156?
12
Calculate the greatest common divisor of 176 and 154.
22
Calculate the greatest common divisor of 1216 and 64.
64
What is the greatest common divisor of 266 and 154?
14
What is the greatest common divisor of 20 and 16?
4
Calculate the greatest common factor of 366 and 2074.
122
What is the highest common divisor of 494 and 2774?
38
Calculate the greatest common divisor of 23 and 667.
23
What is the highest common divisor of 5 and 1765?
5
What is the highest common factor of 5593 and 119?
119
What is the greatest common factor of 27 and 1593?
27
What is the highest common factor of 143 and 325?
13
Calculate the highest common divisor of 54 and 8289.
27
What is the greatest common factor of 150 and 25?
25
What is the greatest common factor of 176 and 209?
11
Calculate the greatest common divisor of 4469 and 41.
41
What is the highest common divisor of 78 and 923?
13
What is the highest common divisor of 17 and 2856?
17
Calculate the greatest common factor of 28 and 11452.
28
Calculate the highest common factor of 9591 and 207.
69
What is the greatest common divisor of 483 and 672?
21
What is the highest common factor of 2 and 250?
2
Calculate the highest common factor of 26 and 22.
2
What is the highest common factor of 135 and 60?
15
What is the greatest common factor of 33 and 51?
3
Calculate the greatest common factor of 6 and 726.
6
Calculate the highest common factor of 96 and 240.
48
Calculate the greatest common divisor of 7 and 91.
7
What is the highest common factor of 7 and 168?
7
Calculate the greatest common divisor of 1159 and 57.
19
What is the greatest common divisor of 2538 and 658?
94
What is the highest common factor of 154679 and 133?
133
Calculate the greatest common factor of 486 and 27.
27
What is the highest common divisor of 125 and 5?
5
What is the greatest common factor of 595 and 85?
85
What is the highest common factor of 261 and 225?
9
Calculate the highest common divisor of 630 and 1134.
126
Calculate the highest common factor of 149 and 18923.
149
Calculate the highest common divisor of 18450 and 675.
225
What is the greatest common divisor of 1503 and 334?
167
What is the highest common factor of 91 and 161?
7
What is the highest common factor of 50 and 200?
50
What is the highest common divisor of 136 and 8?
8
What is the highest common factor of 105 and 285?
15
Calculate the highest common divisor of 1563 and 3.
3
Calculate the greatest common divisor of 1368 and 2584.
152
What is the highest common divisor of 91 and 77?
7
Calculate the greatest common divisor of 53 and 1219.
53
Calculate the highest common divisor of 88 and 14872.
88
What is the highest common divisor of 32 and 6?
2
Calculate the greatest common factor of 20 and 740.
20
What is the greatest common divisor of 104 and 117?
13
Calculate the highest common divisor of 58 and 1682.
58
Calculate the highest common factor of 63 and 378.
63
Calculate the greatest common factor of 125 and 9500.
125
Calculate the greatest common divisor of 459 and 99.
9
What is the greatest common divisor of 45 and 3495?
15
Calculate the greatest common factor of 34 and 3383.
17
Calculate the greatest common factor of 310 and 20.
10
Calculate the greatest common factor of 784 and 80.
16
What is the highest common divisor of 2556 and 1065?
213
What is the highest common factor of 2074 and 204?
34
Calculate the highest common divisor of 437 and 575.
23
What is the greatest common factor of 216 and 324?
108
Calculate the highest common factor of 429 and 975.
39
Calculate the greatest common factor of 680 and 102.
34
Calculate the highest common divisor of 48 and 1644.
12
What is the greatest common factor of 8 and 145?
1
Calculate the highest common divisor of 200 and 8.
8
What is the highest common divisor of 70 and 98?
14
What is the highest common factor of 156 and 572?
52
What is the highest common factor of 155 and 93?
31
What is the greatest common divisor of 128 and 8?
8
What is the greatest common divisor of 64 and 3136?
64
Calculate the greatest common factor of 4 and 452.
4
Calculate the greatest common factor of 14 and 1526.
14
Calculate the greatest common factor of 4 and 431.
1
Calculate the highest common factor of 33 and 34980.
33
Calculate the greatest common factor of 434 and 1147.
31
What is the highest common factor of 43 and 387?
43
Calculate the greatest common divisor of 806 and 62.
62
What is the greatest common factor of 1001 and 14?
7
What is the greatest common divisor of 6 and 1266?
6
What is the highest common factor of 250 and 975?
25
Calculate the greatest common divisor of 36 and 300.
12
What is the highest common divisor of 16653 and 819?
273
Calculate the greatest common factor of 9863 and 7.
7
Calculate the greatest common factor of 94 and 2538.
94
Calculate the greatest common factor of 66 and 10912.
22
Calculate the highest common factor of 16 and 232.
8
What is the highest common factor of 111 and 504?
3
Calculate the greatest common divisor of 1454 and 2.
2
Calculate the greatest common factor of 11540 and 80.
20
Calculate the highest common divisor of 15 and 3945.
15
What is the highest common divisor of 2422 and 126?
14
What is the greatest common divisor of 20 and 10185?
5
Calculate the greatest common divisor of 7 and 35.
7
Calculate the greatest common factor of 67661 and 11.
11
Calculate the highest common factor of 875 and 98.
7
What is the greatest common divisor of 34375 and 11?
11
Calculate the greatest common factor of 4077 and 135.
27
What is the highest common factor of 988 and 52?
52
What is the highest common factor of 924 and 396?
132
What is the highest common factor of 1122 and 102?
102
What is the greatest common factor of 7 and 1687?
7
What is the greatest common divisor of 2432 and 20?
4
Calculate the highest common divisor of 55 and 22.
11
What is the greatest common factor of 40273 and 23?
23
Calculate the greatest common divisor of 333 and 74.
37
Calculate the greatest common factor of 36 and 258.
6
Calculate the greatest common divisor of 1089 and 9.
9
What is the greatest common factor of 595 and 12019?